+ f*l - 9 = 0. What is the greatest common divisor of l and 1?
1
Let v be (0 + 1/3)*33. Let m(a) = -3*a - 9. Let r be m(-9). Suppose 847 = -11*f + r*f. Calculate the highest common factor of v and f.
11
Suppose -674 = -25*n + 451. What is the highest common factor of n and 81?
9
Let p be 16/24 - 66/(-9). Let o = p + 26. Calculate the highest common divisor of o and 34.
34
Suppose d + 3 = 2*i - 87, 0 = -5*i - 4*d + 212. Calculate the highest common divisor of i and 1100.
44
Let b be (-8 - -1)*((-55)/7 - 15). What is the greatest common factor of b and 560?
80
Suppose m + 0*m = -30. Let h = -18 - m. What is the highest common divisor of 36 and h?
12
Let u be 66 + (-2)/(-3)*3. Let m(y) = -128*y - 205. Let z be m(-2). What is the greatest common factor of u and z?
17
Let p = 519 + -391. Let i(g) = g + 9. Let n be i(7). What is the highest common factor of n and p?
16
Let w(h) = -86*h + 6. Let g be w(-4). Suppose -50 = -4*d + g. Calculate the greatest common factor of d and 20.
20
Let q be 1866/34 + 9*6/459. Calculate the greatest common divisor of 5 and q.
5
Let w = 74 + -19. What is the greatest common factor of 77 and w?
11
Suppose 5*k - i = 1144, 4 = 2*i + 12. What is the greatest common factor of 24 and k?
12
Let b(w) = -2*w - 42. Let j be b(-18). Let g be 4 + ((-2)/j)/((-5)/(-45)). What is the greatest common factor of 91 and g?
7
Suppose 4*s = 5*s - 18. Let w = 21 - s. What is the greatest common divisor of 24 and w?
3
Suppose -6*d - 34 + 4 = 0. Let s be ((-32)/10)/(2/d). Calculate the highest common factor of s and 8.
8
Let v = 1013 - 705. What is the highest common factor of 56 and v?
28
Let w be (1755/12)/5 + (-9)/(-12). Let t be (15/(-2))/((-3)/w). What is the highest common divisor of 25 and t?
25
Suppose 33 = -34*h + 45*h. What is the greatest common factor of 327 and h?
3
Suppose 0 = 8*y + 397 - 405. Let u(l) = -2*l - 8. Let z be u(-12). What is the highest common factor of y and z?
1
Let i(m) = 18*m - 19 - 9*m - 12*m. Let x be i(-7). Calculate the greatest common divisor of 26 and x.
2
Let i = 281 + -171. Suppose 3*v - 13 = -4*z, 0 = 2*v - v - 2*z + 9. Let f be (-40)/(-5) + (-2)/v. What is the greatest common factor of i and f?
10
Suppose -3*s + 2*s + 187 = 0. Suppose 31 + 13 = 4*v. Let c be 0/v + 1*17. Calculate the highest common factor of s and c.
17
Let a be ((-6)/4)/(14/(-280)). What is the greatest common divisor of a and 30?
30
Let s be (-4 - -624 - -1) + 3. Suppose 35*t = 41*t - s. What is the greatest common factor of 8 and t?
8
Suppose 2*z - 2*a + 1006 = 6*z, 0 = 2*z + 2*a - 500. Let k = 1 + 4. Suppose k*b + 53 - z = 0. Calculate the highest common factor of 5 and b.
5
Let o = -1455 - -1626. Calculate the greatest common factor of o and 285.
57
Suppose 3*b - 144 = -y, -45 = -4*b + y + 154. What is the greatest common divisor of 441 and b?
49
Let t = 10 - 6. Suppose z - 486 = -5*h, -2*h - 176 = -t*h - 5*z. Let m be 1008/(-40) - -25 - (-142)/10. Calculate the highest common factor of h and m.
14
Let b be (-1 - 0)*1/(-1). Let l be (b - 6)/(-6 - -5). Let m be (-30)/7*(l - 12). Calculate the greatest common factor of m and 6.
6
Suppose z + 5*k + 49 = 0, -2*z - 110 = 3*z - 2*k. Let x be ((-54)/z)/(2/48). Suppose x = 4*b - 58. Calculate the greatest common divisor of 14 and b.
14
Let j(x) = 2*x**2 - 5*x + 3. Let t be j(2). Suppose -5*d + t = -9. Let c be d - ((-44)/4 - -3). What is the greatest common factor of 10 and c?
10
Suppose 39*m - 3921 = 22599. Calculate the highest common factor of m and 85.
85
Suppose -29 = -4*v - 0*u + u, -2*u = -v + 16. What is the highest common divisor of v and 102?
6
Let d(t) = -3 + 17*t - 7 + 4 + 11 - 2*t**2. Let c be d(7). Calculate the highest common divisor of c and 13.
13
Suppose -4*b - 274 = 82. Let p = 1 - b. Calculate the greatest common factor of 10 and p.
10
Let y = 124 + -102. Suppose -3*r - 19 = -y. Suppose 5*s = 3*m + 4, 24 = 2*m - s + 3*s. What is the highest common divisor of m and r?
1
Let z = 25 - 18. Let v = z - 5. Suppose -3*h - v*n = -9, 4*n - 5*n + 12 = 3*h. What is the greatest common divisor of h and 20?
5
Let u be (93/4*2)/((-1)/(-2)). What is the highest common factor of u and 868?
31
Suppose -l = -4*j + 8 + 3, 3*j = -2*l. Suppose j*r - 123 = 345. Suppose 0 = w - 106 + 80. Calculate the greatest common factor of w and r.
26
Suppose 0 = -21*y + 17*y + 1288. What is the highest common factor of y and 14?
14
Suppose -2*r - 132 = -5*r. Let i(v) = v**3 + 4*v**2 - 3*v - 10. Let c be i(-5). Let a be (16/(-10))/(8/c). What is the highest common divisor of r and a?
4
Let m be (29 - -1) + 4/(-2). Suppose -7*g + 10 = -2*g, -5*a = -4*g - 482. Suppose -19*d = -5*d - a. Calculate the greatest common factor of d and m.
7
Let z(n) = -n**3 + 10*n**2 + 5*n. Let c be z(8). What is the greatest common factor of 56 and c?
56
Let b(p) = -p**3 - 10*p**2 - 11*p - 16. Let h be b(-9). Suppose 10*z = h*z + 2080. Calculate the greatest common factor of 26 and z.
26
Let a(j) = -j**2 - 5*j + 94. Let x be a(-7). Calculate the greatest common divisor of x and 25.
5
Let j = 3807 - 2057. Calculate the highest common divisor of 50 and j.
50
Let d(u) = -u**3 + 9*u**2 + 8*u - 10. Let a be d(10). Let z be ((-8)/(-10))/((-6)/a). Let v be z/1 - (5 - 13). What is the greatest common divisor of v and 24?
12
Suppose -5*d - 3*y = 2*y + 1385, d + 279 = -3*y. Let x be d/(-18) + 3/(-9). Calculate the highest common divisor of 6 and x.
3
Let b(u) = 19*u**2 + 29*u - 3. Let r be b(-2). What is the greatest common factor of 90 and r?
15
Let q(m) = 2*m**3 + 41*m**2 - 26*m + 47. Let n be q(-21). Calculate the greatest common factor of 38 and n.
38
Let p = 15 - 14. Let d = 47 - 41. Calculate the greatest common factor of d and p.
1
Let c(v) = -3*v**2 - 4*v - 2. Let i(b) = 2*b + 5. Let r be i(-5). Let z be c(r). Let k = z - -105. What is the highest common factor of 12 and k?
12
Let d be (-9)/15 + ((-2842)/10)/(-7). Let b = -3 + 13. Calculate the highest common divisor of d and b.
10
Suppose 3*q - 6 = -2*z, 2*z = 14*q - 19*q + 10. Let y be 4/(-14) + (-18)/(-14). What is the greatest common factor of q and y?
1
Let u be (-4)/56*4 + 86/7. Let c be u*(10/(-4) - -3). What is the highest common factor of 8 and c?
2
Let k(p) be the second derivative of -p**5/20 + p**4/12 + p**3/6 + 39*p**2/2 + p + 3. Let u be k(0). What is the greatest common factor of u and 65?
13
Let x(s) = 2*s - 4*s - 11 + 2 + 36. Let u be x(-9). Suppose 1 + 14 = 3*b. Calculate the highest common divisor of b and u.
5
Suppose 5*x + 2*y = 5*y + 6851, 0 = -2*x + 3*y + 2744. Calculate the greatest common factor of x and 37.
37
Let s = 10 + -8. Let x be 8 - (-3 - (-4)/s). What is the highest common factor of x and 3?
3
Let a(r) = 2*r**2 + 10*r + 21. Let d be a(-8). Calculate the greatest common divisor of d and 483.
69
Let l = 236 + -200. Calculate the highest common factor of 63 and l.
9
Let f be (-453)/(-11) - (-2)/(-11). Let c(p) = -81*p - 118. Let k be c(-5). What is the greatest common divisor of f and k?
41
Suppose -t + w + 127 = 0, -8*t - 5*w + 261 = -6*t. Calculate the highest common factor of t and 80.
16
Let p(k) = -k**2. Let g(o) = -o**3 + 14*o**2 + 22*o - 7. Let t(j) = -g(j) - 4*p(j). Let d be t(13). Calculate the highest common divisor of 12 and d.
12
Let j(b) = -4*b + 12. Let r be j(7). Let a be (38/(-8))/((-4)/r). Let m = a - -64. What is the greatest common divisor of m and 30?
15
Suppose 11*x = 37*x - 312. What is the highest common divisor of x and 20?
4
Suppose 5*j - 178 - 112 = 5*p, j + 4*p - 83 = 0. What is the highest common divisor of j and 315?
63
Let h(d) = -12*d - 26 + 4*d - 7. Let v be h(-7). Let i(w) = 40*w + 1. Let c be i(4). What is the highest common factor of v and c?
23
Suppose 29*c = 31*c + 48. Let w = c - -44. Calculate the greatest common factor of 10 and w.
10
Suppose 23*b = 8*b + 450. Calculate the greatest common factor of b and 12.
6
Let r be 1451 - 79 - (-16)/2. What is the greatest common divisor of r and 120?
60
Let s be 9 - (6 - 3 - 0). Let v = s - 1. Suppose 0 = -v*a + 20 + 100. Calculate the greatest common divisor of 36 and a.
12
Suppose -6*r - 105 + 9 = 0. Let j be (-2 + (-40)/r)/((-2)/(-4)). Calculate the highest common factor of 5 and j.
1
Let n be (-1)/5 + 0 + 96607/185. Calculate the highest common factor of n an